base 9
21046550
-12200020232 (base 4) to base 12
-6a2492
3be65 (base 16) to base 3
110110120000
Convert -512350 (base 8) to base 9.
-277071
What is -1000110010011000110 (base 2) in base 8?
-1062306
39489 (base 11) to base 16
dca3
What is -c899b5 (base 16) in base 5?
-11331142144
What is 14145522 (base 8) in base 11?
18945a1
What is -1370326 (base 8) in base 12?
-169386
Convert -101102100011212 (base 3) to base 5.
-2404200430
What is 521ba1 (base 13) in base 11?
109a941
Convert 100100000011101000001 (base 2) to base 10.
1181505
What is -96aaeb (base 15) in base 11?
-4060213
-a19312 (base 11) to base 9
-3065211
-196723 (base 11) to base 2
-1001001101001101110
392200 (base 10) to base 14
a2d04
What is -2111200101101 (base 3) in base 8?
-5051703
Convert -51a82 (base 11) to base 4.
-102200330
What is 170b9b (base 14) in base 7?
6606454
What is -4a350 (base 14) in base 13?
-64969
What is 63acb6 (base 13) in base 15?
312943
What is -3176800 (base 9) in base 6?
-100310213
Convert -248462 (base 10) to base 15.
-4d942
What is 320320203 (base 4) in base 8?
707043
What is 648312 (base 10) in base 12?
273220
-36271ac (base 13) to base 6
-1355401445
What is -48428 (base 13) in base 9?
-221715
Convert -1110001111 (base 2) to base 11.
-759
101336 (base 8) to base 2
1000001011011110
What is 110010011101010111 (base 2) in base 13?
730c5
31b816 (base 13) to base 8
4351152
Convert 4054023 (base 6) to base 14.
5099d
What is -878626 (base 9) in base 7?
-4313424
What is 101102023 (base 4) in base 14?
1bb2b
Convert -1010002112120 (base 3) to base 11.
-375042
What is 22498 (base 16) in base 13?
4bc01
What is -100002120020 (base 3) in base 16?
-2bb48
What is 14523413 (base 8) in base 10?
3319563
Convert -2426772 (base 8) to base 7.
-5445662
Convert 163a9 (base 14) to base 9.
84256
Convert -2975248 (base 11) to base 14.
-96b49b
13331103123 (base 4) to base 6
112413523
Convert -1d5c2d (base 14) to base 11.
-65a437
Convert 67351455 (base 8) to base 6.
1235331153
102130200 (base 4) to base 7
433161
Convert -90c119 (base 14) to base 3.
-100011121021100
-6944866 (base 10) to base 2
-11010011111100001100010
What is 2511131 (base 6) in base 15?
29974
Convert -20100010120120 (base 3) to base 15.
-4680a0
What is -2a8149 (base 12) in base 11?
-451261
Convert -2029b8 (base 13) to base 10.
-748652
What is -16430555 (base 7) in base 10?
-1604153
What is -89a37c (base 13) in base 11?
-191a831
12aa27b (base 14) to base 5
4302023120
Convert -276553 (base 10) to base 14.
-72adb
Convert 16414b (base 14) to base 12.
317173
Convert 460c8d (base 15) to base 14.
630991
Convert -15a04a (base 14) to base 3.
-1102110222020
-563777 (base 9) to base 2
-1010010011000011011
50370 (base 9) to base 13
120c0
-51352542 (base 6) to base 16
-1688ae
What is 114742 (base 9) in base 4?
100320023
Convert 5225755 (base 8) to base 13.
39770b
Convert 473204 (base 8) to base 2.
100111011010000100
Convert 12014a2 (base 12) to base 5.
1343023244
Convert -2662706 (base 8) to base 11.
-470216
What is 523586 (base 9) in base 16?
4befd
18018 (base 11) to base 3
1021201100
313032 (base 8) to base 2
11001011000011010
Convert -203402 (base 6) to base 7.
-65441
What is 10013332113 (base 4) in base 5?
234044424
Convert -1603072 (base 12) to base 7.
-53054414
-49942 (base 11) to base 8
-213776
-86949d (base 14) to base 7
-53514456
Convert -c124 (base 13) to base 2.
-110011111000011
What is 3466aa6 (base 11) in base 5?
3022243140
What is 836c8 (base 15) in base 10?
416663
Convert -11212020210101 (base 3) to base 13.
-6c5b6c
1122002100011 (base 3) to base 8
3236655
What is -49281 (base 10) in base 13?
-1957b
-1010022210210 (base 3) to base 2
-10010001101110101110
Convert -56502632 (base 7) to base 2.
-10010101110011001100111
What is -101241334 (base 5) in base 13?
-116cbc
What is -11001110010010001110101 (base 2) in base 8?
-31622165
Convert -743542 (base 11) to base 9.
-2214130
1056131 (base 7) to base 8
401307
What is -bcdb (base 15) in base 2?
-1001110001011111
Convert -9bc26a (base 13) to base 5.
-1420320343
Convert -103011131 (base 4) to base 6.
-1401525
What is 140544 (base 7) in base 8?
64100
-1a48c (base 15) to base 7
-504000
1331366 (base 9) to base 4
2302003113
What is -1040323025 (base 6) in base 11?
-637685a
What is -400404003 (base 5) in base 11?
-986776
What is -c39b96 (base 14) in base 8?
-31123030
-30204041 (base 7) to base 13
-69963b
Convert 112010022201120 (base 3) to base 8.
34503257
Convert 154401 (base 6) to base 4.
3232201
What is -12be147 (base 15) in base 3?
-221102120102211
Convert 11011002222 (base 3) to base 4.
103331000
Convert 3300b6 (base 16) to base 3.
20021211001222
What is 11000110111010010 (base 2) in base 12?
4ab2a
Convert -21503124 (base 6) to base 2.
-10011101101111011100
Convert 54827 (base 11) to base 13.
2a275
Convert -102310103 (base 4) to base 2.
-10010110100010011
Convert -2030243 (base 5) to base 15.
-9c83
-1022110112201 (base 3) to base 12
-297b6a
What is -10100100001100011111011 (base 2) in base 4?
-110201203323
1355718 (base 13) to base 6
334352430
-1cba0 (base 13) to base 12
-28b2a
-10440554 (base 6) to base 3
-121002001221
-132030313 (base 5) to base 8
-2405440
Convert -10111010111010011001111 (base 2) to base 13.
-1365a19
Convert -1046050 (base 7) to base 8.
-374502
What is 503500 (base 6) in base 10?
39708
What is 1122110022 (base 4) in base 11?
232a30
Convert -44213302 (base 7) to base 11.
-2167519
189b39 (base 16) to base 8
6115471
Convert -43333141 (base 5) to base 2.
-1011010100101100110
-7322534 (base 9) to base 14
-73ba66
Convert 36962 (base 16) to base 4.
312211202
Convert 1010210000 (base 3) to base 16.
57a5
What is -4121035 (base 6) in base 16?
-3026f
-120036 (base 11) to base 7
-1422010
What is -260631 (base 9) in base 13?
-56ba2
What is -335793 (base 15) in base 7?
-26545512
What is -1c90226 (base 14) in base 2?
-110110101010011011111010
What is -111010100101011011 (base 2) in base 8?
-724533
Convert 11100533 (base 7) to base 3.
1210200111102
-1022111011222 (base 3) to base 6
-22545512
Convert -10110022011 (base 3) to base 8.
-204661
What is 2222424001 (base 5) in base 4?
102221222203
848795 (base 12) to base 9
3832845
What is -613326 (base 7) in base 10?
-104439
Convert -23440430 (base 5) to base 9.
-362328
Convert -77060 (base 13) to base 7.
-1554641
What is 907b0 (base 12) in base 11?
119085
Convert -101232123 (base 4) to base 13.
-2707b
Convert -4aa9987 (base 11) to base 10.
-8856327
What is 644c3 (base 16) in base 5?
101121234
What is -11114323 (base 5) in base 4?
-113330220
What is 3644446 (base 9) in base 7?
22546116
What is 103112200121 (base 4) in base 8?
23264031
32112030 (base 4) to base 7
333216
-10330221320 (base 4) to base 9
-2386148
What is 905597 (base 11) in base 6?
51120321
-1b3982 (base 13) to base 8
-2512662
211400224 (base 6) to base 9
6884707
What is 201122012212222 (base 3) in base 7?
154464323
698a1 (base 12) to base 2
100010011110111001
f37c2 (base 16) to base 13
28bc36
What is 21131124 (base 6) in base 14?
12155a
Convert -19333 (base 15) to base 9.
-134083
What is -6015230 (base 7) in base 9?
-1302102
1010110110001001101 (base 2) to base 9
601464
-5b295 (base 13) to base 4
-220320020
Convert -3021313 (base 9) to base 3.
-10000201100110
610b (base 14) to base 12
9793
-112310303 (base 4) to base 2
-10110110100110011
-3f18a (base 16) to base 13
-90832
What is -2252005 (base 6) in base 8?
-342105
6615410 (base 7) to base 15
1104a5
Convert 3233022 (base 7) to base 14.
a3c49
Convert 217ac (base 14) to base 6.
1423244
What is 5324278 (base 9) in base 14?
542bdd
22040241 (base 7) to base 15
275960
-22a16a (base 14) to base 12
-48abaa
-27809 (base 11) to base 9
-60253
Convert 2477915 (base 10) to base 8.
11347533
-4030d1 (base 14) to base 15
-2c9dab
302104443 (base 5) to base 4
10212221121
Convert -41c (base 14) to base 10.
-810
Convert 992678 (base 16) to base 5.
10032134411
What is 35810a2 (base 11) in base 3?
102201221121220
Convert 1913c34 (base 13) to base 2.
11111010011010101100101
What is -10010102120 (base 3) in base 6?
-1152540
-12133123111 (base 4) to base 5
-413422324
Convert 3c12ab (base 14) to base 15.
2b096b
b5b1 (base 12) to base 14
7349
What is -30c32 (base 13) in base 3?
-11110101002
Convert -331870 (base 13) to base 5.
-30200